e the prime factors of s?
23, 421
Let p(d) = 9*d - 35. Let f(w) = -79*w - 1. Let y be f(-2). Suppose -142 - y = -13*l. What are the prime factors of p(l)?
2, 43
Suppose 2 - 8 = 2*m. Let a be 3/((m/43)/(-3)). Suppose 5*b + k = 3*k + 127, -5*b = -4*k - a. What are the prime factors of b?
5
Let o(p) = -2117*p**3 + 679*p**2 + 2042*p. List the prime factors of o(-3).
2, 3, 2381
Suppose -7*c = -7271 - 611. Let t = c - 469. List the prime factors of t.
3, 73
Suppose 14 = z - 0*d - 4*d, 3*z - 4*d = 66. Suppose -2*p = r + 26, -3*p - r - 11 - z = 0. Let j = 31 + p. What are the prime factors of j?
2, 5
Suppose 180977 = 184*b - 181*b + 23402. List the prime factors of b.
5, 11, 191
Suppose -8*g - 3*g = -46596. Suppose 51*b = 45*b + g. What are the prime factors of b?
2, 353
Suppose -4*h = 6*w - w - 2179, -3*h = -4*w + 1706. List the prime factors of w.
431
Suppose -95 = -26*f + 61. What are the prime factors of 22491/(-34)*f/(-9)?
3, 7
Let n(d) = -d**3 + d**2 + d. Let s(v) = 2*v**3 - 10*v**2 + v + 40. Let o(u) = 3*n(u) + s(u). What are the prime factors of o(-10)?
2, 3, 5
Suppose 19*t + 101*t = 474480. What are the prime factors of t?
2, 3, 659
Let l(b) = b - 23. Let f be l(8). Let c be (1 + 2)*(-240)/f. Let m = c + -33. What are the prime factors of m?
3, 5
Let q(g) = 27410*g - 222. List the prime factors of q(2).
2, 27299
Suppose -l + 551 = -m, 4*m + 0*m + 2219 = l. Let d = -150 - m. List the prime factors of d.
2, 7, 29
Suppose 619 = -4*p + 55. Let w = p - -134. Let y(c) = 4*c**2 - 6*c + 12. What are the prime factors of y(w)?
2, 5
List the prime factors of (-28)/35 + (-264642)/(-15) - 1.
13, 23, 59
Suppose -17*z + 4 = -18*z. List the prime factors of (-1*(3 + z))/(7/3374).
2, 241
Let v(x) = -x**2 + 6*x + 9. Let n be v(7). Suppose -2*w + 436 = -n*l, -2 + 5 = -l. What are the prime factors of w?
5, 43
Suppose 67*x - 70*x + 56381 = 5*h, 4*h = -2*x + 37590. What are the prime factors of x?
18787
List the prime factors of (-8798121)/(-1035) - (9/5)/3.
2, 5, 17
Suppose 5*i - 38170 = 211*f - 216*f, 0 = 4*f + 20. List the prime factors of i.
7639
Suppose 32*a - 34*a = 4370. Let y be 42*4/(-8) + 1. List the prime factors of (-4)/16 + a/y.
109
Suppose 5*x = 5548 - 1318. Suppose 2*b = 11*b + x. Let h = b + 159. What are the prime factors of h?
5, 13
Suppose -4 = -5*h + 6*b - 10*b, -2*h = -5*b - 28. Suppose 5*t - 855 = -k + 470, k + h*t = 1328. What are the prime factors of k?
2, 5, 67
Suppose -6*o - 2*n = -253346, -3*n = 2*o - 60523 - 23935. What are the prime factors of o?
42223
Let k(r) = r**3 - 3*r. Let a be k(2). Suppose -3*g - 11 = -4*d - 27, 16 = 4*d + 5*g. What are the prime factors of 0/a - (-30 + d)?
31
Let m = 230 - -1885. Suppose -5*t + 2652 = 4*y, 4*t - 8*t - y + m = 0. What are the prime factors of t?
2, 3, 11
Let x(q) be the third derivative of q**6/120 + 7*q**5/30 + 3*q**4/8 + 5*q**3/2 - 31*q**2. List the prime factors of x(-10).
5, 13
Let k be 2/(-3 + 2) + -18. Let f = 25 + k. Suppose f*j - 4*j = 27. What are the prime factors of j?
3
Let b(n) = -4*n - 2*n - 46 + 6*n - 5*n. Let a be b(-12). Suppose 4*y = v - 14, -v - y = y - a. List the prime factors of v.
2, 7
Suppose 0 = 5*n - 2*n - 9. Suppose 2*c - 13 = -n. List the prime factors of (-27)/(-3)*(c + 3).
2, 3
Let t be (-4 + 100/24)*-8*-3. Suppose 2*o - 3*v - 141 = 0, -t*v = 4*o - 203 - 49. List the prime factors of o.
2, 3, 11
Suppose 0 = 3*v - 15, -h = -3*v + 3 + 2. Let k(b) = 2*b - 17. Let a be k(h). Suppose -2*j + a*j - 133 = 0. List the prime factors of j.
7, 19
Let u = 8144 + 49432. What are the prime factors of u?
2, 3, 2399
List the prime factors of (-101390)/(-9) + (-140)/252.
3, 5, 751
Let n be (-10)/((10/(-83))/5). Suppose 0 = -419*v + n*v + 1104. What are the prime factors of v?
2, 3, 23
Let g(a) = -8*a**3 - a**2 + 11*a - 16. Let r be g(-7). Let w = -1117 + r. List the prime factors of w/(-22)*(-4)/3.
2, 3, 5
Let q(d) = -32*d**3 + d**2 + 4*d - 5. Let f(c) = -2*c**3 + c - 1. Let t(b) = 6*f(b) - 2*q(b). List the prime factors of t(1).
2, 13
Let g = -82 - -92. Suppose 0 = 2*v - g - 36. Suppose v = w - 97. What are the prime factors of w?
2, 3, 5
Suppose -3*x - 2*k + 29 + 13 = 0, -5*x = -5*k - 45. Let r(v) = -v**2 - 24*v + 101. Let p be r(-21). List the prime factors of (1/(-3)*p)/((-8)/x).
2, 41
Suppose -27*r = -44*r - 2*w + 37318, 4*r - w - 8791 = 0. What are the prime factors of r?
2, 3, 61
Let j(y) = 119*y**2 - 270*y + 8. What are the prime factors of j(13)?
17, 977
Let r(t) = -17*t + 98. Let g be r(6). List the prime factors of (-1686)/18*(g + 1).
281
Suppose -472*w + 435*w + 21309 = -223520. What are the prime factors of w?
13, 509
Suppose -5*o - 25 = 0, 2*o = -9*k + 11*k - 22. What are the prime factors of k*-7*42/(-49)?
2, 3
Suppose -45724 = -5*f + 4*m, 772 = -f + 3*m + 9930. List the prime factors of f.
2, 5, 457
Suppose 0 = 12*k + 661 + 3563. List the prime factors of (k/3)/((-2)/6).
2, 11
Suppose -2*f = 5*k - 172026, -1398*k = -1393*k + 5*f - 172020. What are the prime factors of k?
2, 17203
Let h(w) = -207*w - 87. Let b(k) = -52*k - 22. Let t(m) = 21*b(m) - 5*h(m). Let p be t(-8). Let n = p + -294. What are the prime factors of n?
3, 5
Let c(w) = -w**3 - 6*w**2 - 2. Let z be c(-5). Let h(q) = q**2 - 24*q + 56. Let j be h(21). Let r = j - z. List the prime factors of r.
2, 5
List the prime factors of -68 + 69 - (0 + -9844).
5, 11, 179
Let q be 1/(-1)*(-6)/((-6)/(-3)). Suppose -x + 458 = 2*s + 12, -q*x + 5*s + 1327 = 0. What are the prime factors of x?
2, 3, 37
Suppose -6*p + 20*p = -56. Let c be (p - (1 - 6))*0. Suppose 4*d + 5*f - 188 - 242 = 0, c = d + f - 107. List the prime factors of d.
3, 5, 7
Let m(c) be the first derivative of c**5/60 - c**4/3 - 9*c**3 - 43*c**2/2 - 9. Let l(d) be the second derivative of m(d). What are the prime factors of l(21)?
3, 73
Let i = 27805 + -18218. What are the prime factors of i?
9587
Suppose 12*x = 10*x - 6. Let k = 19 - x. Let n = -12 + k. List the prime factors of n.
2, 5
Let y = -562 - -653. Suppose -5676 = 87*h - y*h. List the prime factors of h.
3, 11, 43
Let w = -245 + 247. Suppose -w*u - 450 = -2*h, -2*u = 3*h - 334 - 316. What are the prime factors of h?
2, 5, 11
Let r be 303/(-21) + -1 + (-12)/(-28). Let q(y) = 2*y**2 - 5*y + 6. Let t be q(4). List the prime factors of 3/(t/(-4)) - 910/r.
2, 3, 5
Suppose -3942 = -v + 8*f - 3*f, -4*v + f + 15654 = 0. List the prime factors of v.
2, 3, 163
Suppose 70 = -3*h + 82. Suppose -h = -4*f, -2*f - f = 5*y + 1552. Let d = -124 - y. What are the prime factors of d?
11, 17
Suppose -59*l = -64*l + 595. Suppose -l*j = -111*j - 9296. What are the prime factors of j?
2, 7, 83
Let g(x) = -9*x + 474. List the prime factors of g(-80).
2, 3, 199
Suppose -3*i + 3*h + 6816 = 0, i + 5*h = 3612 - 1340. Suppose -5*m + 4*a = -6779, -2*m - 5*a = -433 - i. What are the prime factors of m?
5, 271
Let y(b) = -b**2 - 22*b + 10. Let v be y(0). Suppose -18*i + 3816 = -v*i. What are the prime factors of i?
3, 53
Let w(h) be the second derivative of h**4/12 + 4*h**3/3 - 5*h**2/2 + 2*h. Let a be w(-14). List the prime factors of a - (-2)/(1 + 0)*-2.
3, 5
Suppose 3*n - 115 = -2*z - 0*n, n = -3*z + 176. Suppose 0*y - y - z = -5*t, -5*y - 150 = 4*t. Let s = -19 - y. List the prime factors of s.
3, 5
Let i = 487 - 483. Suppose -4*q + 3550 = -12*t + 14*t, q - 874 = i*t. What are the prime factors of q?
2, 443
Let m(z) = z**2 + 20*z + 36. Let p be m(-18). Suppose s + 19 - 10 = p. Let f(n) = n**2 + 3*n + 17. List the prime factors of f(s).
71
What are the prime factors of ((-24)/15)/(304/(-125780))?
2, 331
Let x = -42135 - -45178. What are the prime factors of x?
17, 179
Let f(n) = -4267*n - 10590. List the prime factors of f(-20).
2, 5, 13, 23
Suppose -2*u + 2589 = 683. Let o = -222 + u. Suppose 5*i = 3*t + o, 2*i - 3*t = 7*i - 719. List the prime factors of i.
5, 29
Suppose -9*o + 61503 = -13152. Suppose 37*q - 30*q - o = 0. What are the prime factors of q?
3, 5, 79
Let d be -2 + 6 - (-4)/(2*-2). Suppose -w = -3*w + 10, -2*b = d*w - 39. What are the prime factors of b?
2, 3
Let n(i) = i**3 + 57*i**2 - 218*i - 193. What are the prime factors of n(-43)?
3, 11689
Let r(g) = -7*g**2 + 789*g - 38. What are the prime factors of r(25)?
2, 3, 11, 29
Let d = -10 - -13. Suppose 4*m - 24 = -4*n, 2*n - 3*m + 10 = d*n. Suppose -5